ulate the highest common factor of 2 and j.
1
Suppose 0 = -2*b - 8 + 4. Let m be 2 - 150/(-5 - b). Let a be (-6)/(-3) + (0 - -11). What is the highest common factor of a and m?
13
Let c(y) = -y**3 + 4*y**2 + 6*y - 5. Let p be c(5). Suppose 0 = i - 5*z + 5, -2*z - 21 = -5*i - p*z. Calculate the highest common factor of 10 and i.
5
Suppose -23 = -5*x - g, 2*g - 5 - 9 = -2*x. Let i = -4 + 6. Calculate the highest common factor of i and x.
2
Let w = 758 + -506. What is the highest common factor of w and 28?
28
Suppose 2*f - 26 = 5*j, -f - 2 = j - 3*f. Let n be (-6)/4*j + -1. What is the highest common divisor of n and 24?
8
Suppose -2*s = -s + 15. Let f = s + 23. What is the highest common factor of 16 and f?
8
Let k = 7 + -1. Let w = 210 + -144. Calculate the highest common factor of k and w.
6
Let l = 160 - -8. Let o be ((-8)/3)/((-7)/l). Calculate the greatest common factor of o and 96.
32
Let t(n) = n**3 - n**2 + n + 3. Let p be t(0). Suppose -4*m + x + 82 = 0, -2*m + p*m - 22 = x. Let b = 29 + 1. Calculate the greatest common factor of b and m.
10
Let o = 57 - 20. Suppose 4*p = o - 13. What is the highest common factor of p and 9?
3
Suppose -a - 6 = -2*a. Suppose 10 = a*v - 4*v. What is the greatest common divisor of v and 1?
1
Let b be 6/(-21) + 1976/56. What is the greatest common divisor of b and 21?
7
Let l be -3*(20/(-6) - -2). Calculate the highest common factor of 12 and l.
4
Suppose 18 - 6 = 2*s. Let m be 210/4 - 9/s. Let p = 52 - 35. What is the greatest common factor of p and m?
17
Suppose 5*q = 8*q - 528. Suppose -4*n - 38 = -2*z, z - 3*n - 24 = -0*z. Let x be ((-12)/z)/(1/(-12)). Calculate the highest common factor of q and x.
16
Let x(m) = -m**2 - 15*m - 22. Let t be x(-13). Let a = 11 + -7. Calculate the greatest common factor of t and a.
4
Let d = 361 + -172. What is the highest common factor of 54 and d?
27
Suppose -9 = -2*c + 39. Let s = -4 + 6. Suppose 3*j - 19 = d, -d + s*d = -5*j + 45. Calculate the highest common factor of j and c.
8
Let q = 164 - 115. What is the greatest common factor of q and 7?
7
Let h(t) = t**2 - 2. Let j be h(-4). Suppose 5 + 4 = z. Let k(l) = -l**3 + 8*l**2 + 10*l + 5. Let a be k(z). What is the greatest common divisor of j and a?
14
Let k(t) = 4*t - 18. Let v be k(6). What is the greatest common factor of v and 15?
3
Let p = 154 + -55. Let k(m) = -m**3 - 2*m**2 - m - 3. Let y be ((-6)/(-4))/(-1)*2. Let q be k(y). What is the highest common factor of p and q?
9
Suppose 3*k + 2 = -5*v, -22 = -2*k + v - 6. Let s(t) = t - k + 2*t + 5. Let r be s(2). Calculate the highest common factor of 35 and r.
5
Suppose -x + 1 = -21. Suppose 4*j - 4 = -5*m + 416, -4*m + 5*j = -377. Calculate the highest common divisor of m and x.
22
Let x = 12 + -8. Suppose 8 + x = 2*n. Calculate the highest common divisor of n and 24.
6
Let j = -50 + 138. Let g be 2 - 5 - (-11 - 0). Calculate the greatest common divisor of g and j.
8
Suppose -2*s + s - 2*y = 0, -y = -4*s + 36. Let p(l) = 3*l**2 + 4. Let z be p(-2). Calculate the highest common divisor of z and s.
8
Suppose j - 45 - 20 = 0. What is the highest common divisor of j and 5?
5
Suppose 0 = -4*d + d - 3*u + 183, 5*d - 3*u - 297 = 0. Let r = 5 + 19. What is the greatest common divisor of d and r?
12
Let y = 89 - 88. What is the highest common divisor of 11 and y?
1
Let m be (-4 + 11)/(2 + -1). Suppose m*z - 2*z - 60 = 0. What is the greatest common factor of z and 12?
12
Suppose 3*f - 4 = -16. Suppose 4*h - h - 21 = 0. Let r = h + f. Calculate the greatest common divisor of r and 3.
3
Suppose -3*n - 5 = -140. Calculate the greatest common factor of n and 5.
5
Let c(t) = -18*t + 2. Suppose 8*q - 12*q = 4. Let v be c(q). What is the greatest common divisor of v and 140?
20
Let w be ((-4)/(-3))/((-2)/(-54)). Suppose 14 = 5*q - w. Calculate the highest common divisor of 25 and q.
5
Let i = -72 + 138. Let p = i + 2. Calculate the greatest common divisor of 17 and p.
17
Let b(d) = -2*d**2 + 21*d + 1. Let c be b(10). What is the highest common divisor of c and 33?
11
Suppose 7 + 5 = 4*w, -4*d + 4*w + 16 = 0. Let q = 11 - d. Let a be ((-2)/1)/((-2)/q). Calculate the highest common factor of 2 and a.
2
Let m be -1 - (-3 - (1 + 0)). Suppose m*k - 18 = -60. Let p = k - -20. What is the highest common factor of p and 2?
2
Let m be 75/6 - (-1)/(-2). Let c be (1/2)/((-2)/(-16)). Suppose -5*q - 389 = c*x - 8*x, 5*x - 482 = 2*q. What is the highest common factor of x and m?
12
Let p(h) = -h - 15. Let q be p(-17). Calculate the greatest common factor of q and 18.
2
Let r(o) = -3*o + 3. Let u be r(0). Calculate the highest common factor of u and 12.
3
Let f be ((-27)/15 - 1)*-25. Calculate the highest common divisor of f and 7.
7
Let i(c) = -62*c**3 + 3*c**2 + c - 1. Let d be i(-1). Calculate the highest common factor of d and 7.
7
Suppose 2*v - 90 = 5*b, v + 2*b - 132 = -3*v. What is the highest common factor of 7 and v?
7
Let q = 98 - 71. What is the highest common factor of q and 18?
9
Let k = -120 + 273. Suppose 30*q - 85 = 25*q. Calculate the greatest common divisor of q and k.
17
Suppose 0 = 4*q - 9*q - 4*x + 10, -4*q = -4*x - 8. Suppose -3*g = -3*h + 51, -6*h = -2*h + 2*g - 62. Calculate the highest common divisor of h and q.
2
Let p(l) = 2*l - 14. Let j be p(10). Let g = 5 + j. What is the greatest common divisor of 99 and g?
11
Let w = 47 - 37. What is the highest common factor of 2 and w?
2
Suppose -2*t + 8 + 12 = 0. Calculate the greatest common factor of t and 4.
2
Suppose 4*i = -3*j - 183, -2*j - 67 = i + 3*j. Let l = i - -60. Suppose 4*k = -12, -3*v + 3*k - 621 = -8*v. What is the greatest common factor of v and l?
18
Let n = -1 - -4. Suppose n*a - j - 19 = -2*a, -20 = -4*a + 2*j. What is the greatest common factor of a and 9?
3
Suppose 0*w = -2*j - 4*w + 28, 5*j + 5*w = 80. Suppose 4*u - 13 = -r, -2*r + 0 = -3*u + j. Let z = r - -9. What is the highest common factor of z and 6?
6
Let b be (-1)/(-1*(-5)/(-35)). Let o = 43 + 6. Calculate the greatest common divisor of b and o.
7
Let p(m) be the third derivative of -m**5/60 - 5*m**4/24 + m**3 + 3*m**2. Let y be p(-5). Suppose 4*j = 170 + 22. What is the highest common factor of j and y?
6
Suppose 3*m - 5*i + 12 = 0, -i + 1 = -3*m - 11. Let t be ((-3)/9)/(m/24). Suppose t*p = -21 + 191. What is the highest common divisor of p and 34?
17
Suppose 3 = -5*q + 278. Let x(n) = n**2 + 7*n - 3. Let a be x(-7). Let r be (15/(-9))/(1/a). What is the greatest common divisor of r and q?
5
Let m(x) = 23*x**2 + 2*x. Let q be m(-2). Let s(j) = -j**3 + 9*j**2 + j + 2. Let f be s(9). What is the greatest common factor of f and q?
11
Let w be (-160)/26 - (-2)/13. Let h = w + 10. Suppose -14 = -z + 4*r, -h*r + 6*r = -3*z + 98. Calculate the greatest common divisor of 6 and z.
6
Let x(q) = 40*q + 1. Let h be x(1). Calculate the greatest common factor of 164 and h.
41
Suppose -4*l = 3*i - 29, -5*i - 2*l + 9 = -16. Let a be (i - 2)*(-1 - 10). Let n be (0 + a/(-3))*27. Calculate the highest common divisor of 11 and n.
11
Suppose -4*u + 48 = -0*u. Let o be (4/(-6))/1*-18. What is the greatest common divisor of o and u?
12
Let h be (-2 + 2)/(-2*1). Suppose 36 = -h*v + 2*v. Suppose q - v = -q. Calculate the greatest common divisor of q and 36.
9
Suppose 0 = 3*a + 5*i - 16, -2*a - 2*a + 4*i = 0. Calculate the greatest common factor of 3 and a.
1
Let p be (3/9)/(2/396). What is the greatest common divisor of p and 44?
22
Let r = 46 + -3. What is the greatest common divisor of r and 344?
43
Let m be ((-588)/(-18))/((-2)/6). Let y = 168 + m. Calculate the greatest common factor of 28 and y.
14
Suppose -3*t + 318 = -t. Calculate the highest common factor of 106 and t.
53
Suppose -t = 1, 38 + 7 = -2*b + t. Let g = b + 127. Calculate the highest common divisor of 13 and g.
13
Suppose -19*d + 14*d + 75 = 0. Calculate the highest common factor of d and 105.
15
Suppose 3*m + 3*x + 195 = 8*m, 88 = 3*m + 4*x. Let d be 6/10 - (-4)/10. Let k be (-5)/d*6/(-5). What is the greatest common divisor of k and m?
6
Suppose 13 = 3*g + 2*b, -g + 14 = g + 4*b. What is the highest common factor of 33 and g?
3
Let o(r) = r**2 - 1. Let p be o(11). Calculate the highest common divisor of 4 and p.
4
Suppose 247 = 3*l - 4*n, -6*n + 3*n = 4*l - 296. Calculate the highest common f